er when 83343693 is divided by 444?
9
Calculate the remainder when 348610 is divided by 6734.
5176
What is the remainder when 2388109 is divided by 1664?
269
What is the remainder when 15874340 is divided by 2014?
2006
Calculate the remainder when 70749 is divided by 5950.
5299
Calculate the remainder when 4111566 is divided by 2187.
6
Calculate the remainder when 314989 is divided by 307.
7
What is the remainder when 51105489 is divided by 18?
15
What is the remainder when 4877379 is divided by 94?
1
Calculate the remainder when 193746 is divided by 7446.
150
Calculate the remainder when 19616 is divided by 17873.
1743
What is the remainder when 573175 is divided by 114?
97
What is the remainder when 275467 is divided by 11477?
19
What is the remainder when 15713089 is divided by 1530?
1519
What is the remainder when 162163 is divided by 4262?
207
What is the remainder when 47641172 is divided by 715?
7
What is the remainder when 14912097 is divided by 370?
357
What is the remainder when 11228771 is divided by 30348?
11
What is the remainder when 4156469 is divided by 1162?
1157
What is the remainder when 409232 is divided by 149?
78
What is the remainder when 399783 is divided by 1342?
1209
What is the remainder when 195473838 is divided by 536?
534
Calculate the remainder when 29550864 is divided by 4106.
4088
Calculate the remainder when 150766 is divided by 548.
66
Calculate the remainder when 7259318 is divided by 2419676.
290
Calculate the remainder when 163339286 is divided by 458.
456
What is the remainder when 833595 is divided by 14?
7
What is the remainder when 11440755 is divided by 3813163?
1266
Calculate the remainder when 134027898 is divided by 540435.
18
Calculate the remainder when 872594 is divided by 1607.
1600
Calculate the remainder when 91439451 is divided by 12.
3
Calculate the remainder when 39745 is divided by 35.
20
What is the remainder when 11762423 is divided by 106?
27
Calculate the remainder when 4778457 is divided by 1351.
1321
Calculate the remainder when 53638333 is divided by 13409580.
13
What is the remainder when 141520 is divided by 2620?
40
What is the remainder when 5321593 is divided by 80?
73
Calculate the remainder when 1062822 is divided by 2394.
2280
Calculate the remainder when 54548 is divided by 27254.
40
Calculate the remainder when 237527133 is divided by 66.
63
What is the remainder when 28194 is divided by 1565?
24
Calculate the remainder when 7302200 is divided by 3.
2
What is the remainder when 29877 is divided by 32?
21
Calculate the remainder when 1089843 is divided by 118.
113
What is the remainder when 1099796 is divided by 40?
36
Calculate the remainder when 1027482 is divided by 128431.
34
Calculate the remainder when 13426523 is divided by 27.
17
Calculate the remainder when 60026 is divided by 3899.
1541
What is the remainder when 127558519 is divided by 2962?
2951
What is the remainder when 7349743 is divided by 47?
24
Calculate the remainder when 51779 is divided by 2351.
57
Calculate the remainder when 7545296 is divided by 25.
21
Calculate the remainder when 280368 is divided by 56021.
263
What is the remainder when 28755760 is divided by 83?
78
Calculate the remainder when 329116 is divided by 948.
160
What is the remainder when 449368 is divided by 10699?
10
What is the remainder when 702336 is divided by 3843?
2910
Calculate the remainder when 48358 is divided by 4045.
3863
Calculate the remainder when 1511292 is divided by 1579.
189
Calculate the remainder when 7797783 is divided by 2002.
1995
Calculate the remainder when 94914 is divided by 162.
144
Calculate the remainder when 439207 is divided by 46.
45
Calculate the remainder when 142602 is divided by 1333.
1304
Calculate the remainder when 188048342 is divided by 88.
86
What is the remainder when 8654230 is divided by 16?
6
What is the remainder when 94210374 is divided by 129?
126
Calculate the remainder when 2217381 is divided by 527.
292
Calculate the remainder when 79140 is divided by 6591.
48
Calculate the remainder when 5632261 is divided by 19.
15
Calculate the remainder when 4206603 is divided by 176.
27
Calculate the remainder when 91503212 is divided by 3153.
3152
Calculate the remainder when 890673 is divided by 131.
4
What is the remainder when 13422274 is divided by 6586?
6
Calculate the remainder when 1473465 is divided by 491152.
9
Calculate the remainder when 34231803 is divided by 118.
3
What is the remainder when 26546 is divided by 3617?
1227
What is the remainder when 952131653 is divided by 261?
260
What is the remainder when 7088240 is divided by 3544120?
0
What is the remainder when 420296 is divided by 139997?
305
What is the remainder when 3008921 is divided by 15?
11
Calculate the remainder when 763392 is divided by 1266.
1260
Calculate the remainder when 112202812 is divided by 6.
4
What is the remainder when 1974892 is divided by 296?
276
Calculate the remainder when 90051 is divided by 164.
15
Calculate the remainder when 1257092 is divided by 22.
12
What is the remainder when 9147895 is divided by 16?
7
What is the remainder when 1089854279 is divided by 120?
119
Calculate the remainder when 6207358 is divided by 1320.
718
What is the remainder when 634 is divided by 79?
2
Calculate the remainder when 3313606 is divided by 70.
16
What is the remainder when 151565 is divided by 700?
365
Calculate the remainder when 47436 is divided by 7119.
4722
Calculate the remainder when 121894 is divided by 2315.
1514
Calculate the remainder when 13499141 is divided by 164.
137
Calculate the remainder when 116560537 is divided by 669.
667
Calculate the remainder when 250930 is divided by 50.
30
What is the remainder when 3187142 is divided by 102811?
1
Calculate the remainder when 1128590 is divided by 163.
141
What is the remainder when 369286 is divided by 23078?
38
Calculate the remainder when 26241976 is divided by 8273.
20
What is the remainder when 8408419 is divided by 4587?
448
Calculate the remainder when 2641912 is divided by 320.
312
Calculate the remainder when 1207453 is divided by 3651.
2623
What is the remainder when 232455 is divided by 5950?
405
What is the remainder when 31743188 is divided by 7434?
8
Calculate the remainder when 22511248 is divided by 2179.
2178
Calculate the remainder when 86409 is divided by 103.
95
What is the remainder when 249062 is divided by 2930?
12
What is the remainder when 1034400 is divided by 567?
192
Calculate the remainder when 47448 is divided by 47349.
99
What is the remainder when 79307425 is divided by 19826855?
5
What is the remainder when 357441 is divided by 2840?
2441
What is the remainder when 35252115 is divided by 19?
9
Calculate the remainder when 5366926 is divided by 24.
22
What is the remainder when 148465 is divided by 488?
113
What is the remainder when 6498502 is divided by 21099?
10
What is the remainder when 1502766 is divided by 9?
0
Calculate the remainder when 3270764 is divided by 817689.
8
What is the remainder when 260414 is divided by 499?
435
Calculate the remainder when 488678 is divided by 24377.
1138
Calculate the remainder when 4133490 is divided by 16.
2
Calculate the remainder when 511196 is divided by 102232.
36
Calculate the remainder when 8418526 is divided by 36.
34
Calculate the remainder when 4407951 is divided by 74.
67
Calculate the remainder when 1597784 is divided by 915.
194
Calculate the remainder when 2325746 is divided by 1162863.
20
What is the remainder when 116069 is divided by 2662?
1603
What is the remainder when 447042 is divided by 145872?
9426
Calculate the remainder when 4689933 is divided by 72.
69
What is the remainder when 26285097 is divided by 4?
1
Calculate the remainder when 43470497 is divided by 126.
119
Calculate the remainder when 383920 is divided by 743.
532
Calculate the remainder when 48985925 is divided by 296.
293
What is the remainder when 779049 is divided by 779038?
11
Calculate the remainder when 554705196 is divided by 16.
12
Calculate the remainder when 137951 is divided by 133714.
4237
Calculate the remainder when 6291 is divided by 142.
43
What is the remainder when 81346 is divided by 81127?
219
Calculate the remainder when 50893 is divided by 55.
18
What is the rem